3
-13
What is cb (base 14) in base 15?
be
2 (base 3) to base 7
2
What is -17 (base 14) in base 4?
-111
8 (base 10) to base 7
11
-22 (base 5) to base 3
-110
Convert -3 (base 14) to base 13.
-3
What is -4e (base 16) in base 11?
-71
Convert -14 (base 11) to base 14.
-11
57 (base 16) to base 11
7a
What is -10110 (base 3) in base 15?
-63
Convert -1144 (base 6) to base 4.
-10120
4 (base 9) to base 2
100
What is 2 (base 7) in base 5?
2
Convert -12 (base 9) to base 10.
-11
What is 0 (base 13) in base 16?
0
What is -113 (base 6) in base 16?
-2d
Convert 220 (base 6) to base 16.
54
What is -6 (base 15) in base 12?
-6
What is 2 (base 7) in base 14?
2
What is -2 (base 7) in base 10?
-2
What is -65 (base 10) in base 15?
-45
Convert 37 (base 13) to base 6.
114
10 (base 4) to base 8
4
What is -38 (base 12) in base 4?
-230
What is -5 (base 14) in base 16?
-5
-1 (base 10) to base 14
-1
What is 3 (base 9) in base 7?
3
Convert 100 (base 2) to base 14.
4
-1 (base 8) to base 9
-1
1 (base 2) to base 8
1
What is -2 (base 11) in base 2?
-10
0 (base 3) to base 12
0
0 (base 10) to base 14
0
What is 1 (base 13) in base 12?
1
123 (base 6) to base 7
102
What is 1000011 (base 2) in base 7?
124
Convert 22 (base 8) to base 10.
18
What is -14 (base 13) in base 8?
-21
Convert 4 (base 14) to base 12.
4
What is 1 (base 7) in base 3?
1
Convert 13 (base 7) to base 3.
101
Convert -5 (base 10) to base 3.
-12
21 (base 11) to base 14
19
What is -4 (base 16) in base 8?
-4
-2 (base 4) to base 2
-10
What is 131 (base 8) in base 14?
65
What is 0 (base 4) in base 11?
0
Convert -15 (base 9) to base 4.
-32
Convert -9 (base 11) to base 6.
-13
What is 2 (base 7) in base 11?
2
What is 1 (base 10) in base 16?
1
What is -12 (base 3) in base 15?
-5
What is 1401 (base 5) in base 11?
196
What is -11 (base 8) in base 12?
-9
What is -1 (base 10) in base 3?
-1
-20 (base 11) to base 12
-1a
What is 3 (base 4) in base 3?
10
What is -2 (base 10) in base 5?
-2
0 (base 12) to base 13
0
Convert 321 (base 8) to base 13.
131
Convert 7a (base 12) to base 5.
334
42 (base 8) to base 13
28
Convert -60 (base 14) to base 9.
-103
What is 37 (base 15) in base 3?
1221
Convert 3 (base 14) to base 2.
11
331 (base 7) to base 3
20021
Convert 1111 (base 2) to base 10.
15
-104 (base 6) to base 12
-34
-2 (base 15) to base 8
-2
What is 1 (base 4) in base 16?
1
-45 (base 6) to base 3
-1002
What is 5b (base 13) in base 9?
84
What is -8 (base 12) in base 5?
-13
Convert -1143 (base 5) to base 6.
-445
-7 (base 12) to base 15
-7
5 (base 15) to base 8
5
1 (base 12) to base 6
1
Convert 21 (base 3) to base 8.
7
What is 15 (base 11) in base 6?
24
Convert 31 (base 16) to base 11.
45
1 (base 15) to base 7
1
3 (base 6) to base 11
3
What is 3 (base 10) in base 3?
10
Convert -233 (base 6) to base 4.
-1131
What is 112012 (base 3) in base 2?
101111111
Convert 0 (base 14) to base 3.
0
17 (base 14) to base 16
15
Convert 336 (base 7) to base 3.
20110
What is 1a (base 14) in base 10?
24
What is 0 (base 2) in base 14?
0
-65 (base 12) to base 6
-205
What is 8 (base 12) in base 3?
22
Convert 3d (base 16) to base 15.
41
What is -19 (base 13) in base 9?
-24
What is 6 (base 15) in base 10?
6
Convert -3 (base 12) to base 6.
-3
Convert -17 (base 11) to base 4.
-102
Convert 2 (base 5) to base 7.
2
What is 113 (base 5) in base 2?
100001
What is 2 (base 7) in base 9?
2
-34 (base 8) to base 3
-1001
Convert -25 (base 11) to base 8.
-33
-1a0 (base 14) to base 4
-11100
Convert -1 (base 3) to base 12.
-1
-2224 (base 5) to base 3
-102122
13 (base 16) to base 8
23
What is 16 (base 10) in base 5?
31
Convert -63 (base 11) to base 9.
-76
What is -4 (base 12) in base 15?
-4
9 (base 11) to base 5
14
Convert 24 (base 7) to base 14.
14
1030 (base 4) to base 12
64
What is 403 (base 5) in base 9?
124
Convert 1 (base 13) to base 12.
1
Convert -37 (base 10) to base 15.
-27
What is 6 (base 8) in base 7?
6
What is 25 (base 11) in base 6?
43
Convert 290 (base 10) to base 6.
1202
What is -181 (base 16) in base 11?
-320
Convert -83 (base 16) to base 8.
-203
3 (base 4) to base 12
3
What is 230 (base 10) in base 3?
22112
What is 3a (base 12) in base 11?
42
What is 111 (base 2) in base 8?
7
Convert b (base 14) to base 10.
11
12 (base 3) to base 16
5
Convert -15 (base 8) to base 2.
-1101
What is 3 (base 5) in base 11?
3
What is 244 (base 12) in base 11?
28a
What is 1 (base 5) in base 6?
1
1 (base 9) to base 10
1
What is 111 (base 3) in base 9?
14
What is 4 (base 14) in base 6?
4
What is 74 (base 8) in base 4?
330
Convert 0 (base 15) to base 16.
0
What is 5b (base 12) in base 13?
56
-2 (base 12) to base 11
-2
347 (base 10) to base 8
533
1 (base 13) to base 9
1
What is 1 (base 9) in base 5?
1
Convert -1 (base 16) to base 11.
-1
What is 120 (base 6) in base 3?
1210
-79 (base 13) to base 8
-144
-2 (base 7) to base 13
-2
Convert 11 (base 7) to base 10.
8
1 (base 4) to base 15
1
Convert 334 (base 5) to base 12.
7a
-64 (base 7) to base 6
-114
-10 (base 9) to base 16
-9
-2 (base 16) to base 15
-2
Convert 3 (base 15) to base 8.
3
What is 13 (base 7) in base 6?
14
101 (base 3) to base 5
20
Convert 43 (base 11) to base 4.
233
Convert 36 (base 9) to base 3.
1020
Convert 1 (base 4) to base 16.
1
-2 (base 8) to base 11
-2
Convert 4 (base 15) to base 4.
10
Convert 9 (base 14) to base 4.
21
4 (base 6) to base 4
10
Convert -21 (base 9) to base 14.
-15
Convert 11 (base 12) to base 3.
111
2010 (base 4) to base 13
a2
-10 (base 5) to base 2
-101
What is -24 (base 10) in base 8?
-30
What is -11 (base 10) in base 6?
-15
-403 (base 8) to base 9
-317
Convert -27 (base 10) to base 8.
-33
-1212 (base 5) to base 15
-c2
Convert 11 (base 2) to base 7.
3
-121 (base 8) to base 2
-1010001
Convert -101 (base 3) to base 12.
-a
What is 1 (base 9) in base 14?
1
Convert 114 (base 8) to base 12.
64
-11000101 (base 2) to base 15
-d2
What is -125 (base 7) in base 11?
-62
Convert 2 (base 6) to base 12.
2
Convert -3133 (base 4) to base 6.
-1011
What is -1202 (base 4) in base 9?
-118
What is 0 (base 6) in base 2?
0
Convert 102 (base 12) to base 7.
266
-3000 (base 5) to base 4
-11313
-30 (base 8) to base 14
-1a
What is 57 (base 9) in base 13?
40
What is 115 (base 13) in base 8?
273
Convert -343 (base 5) to base 8.
-142
Convert -15a (base 12) to base 4.
-3112
Convert 3 (base 12) to base 9.
3
10 (base 4) to base 14
4
57 (base 9) to base 3
1221
Convert 4 (base 5) to base 14.
4
What is -1 (base 2) in base 15?
-1
Convert -134 (base 6) to base 16.
-3a
What is 56 (base 11) in base 9?
67
What is 10000 (base 2) in base 4?
100
What is 6 (base 16) in base 4?
12
Convert -3 (base 4) to base 14.
-3
110 (base 13) to base 5
1212
Convert 3 (base 15) to base 8.
3
-76 (base 10) to base 16
-4c
3 (base 4) to base 6
3
What is -1 (base 12) in base 2?
-1
Convert -4 (base 7) to base 5.
-4
Convert 0 (base 11) to base 13.
0
What is -1 (base 12) in base 14?
-1
What is -10 (base 3) in base 12?
-3
What is 21 (base 12) in base 3?
221
Convert 0 (base 12) to base 7.
0
5 (base 16) to base 7
5
What is 28 (base 9) in base 16?
1a
Convert -14 (base 8) to base 13.
-c
Convert 3 (base 7) to base 8.
3
12 (base 10) to base 6
20
Convert -12 (base 4) to base 12.
-6
1001 (base 3) to base 15
1d
-4 (base 9) to base 7
-4
What is -2 (base 12) in base 2?
-10
2 (base 8) to base 10
2
-82 (base 11) to base 6
-230
Convert -33 (base 9) to base 15.
-20
What is 4 (base 9) in base 5?
4
Convert -56 (base 14) to base 6.
-204
-1 (base 2) to base 14
-1
What is 5 (base 9) in base 12?
5
What is 2 (base 11) in base 3?
2
205 (base 7) to base 16
67
Convert 48 (base 13) to base 10.
60
Convert 77 (base 9) to base 8.
106
Convert -249 (base 11) to base 14.
-171
Convert -52 (base 9) to base 13.
-38
What is 223 (base 4) in base 14?
31
Convert b (base 14) to base 9.
12
Convert 411 (base 5) to base 8.
152
14 (base 10) to base 5
24
Convert 31 (base 5) to base 14.
12
What is -21 (base 16) in base 4?
-201
What is 3 (base 4) in base 2?
11
3 (base 7) to base 16
3
Convert -1d (base 14) to base 6.
-43
Convert -7 (base 12) to base 16.
-7
What is 0 (base 11) in base 6?
0
110 (base 2) to base 14
6
What is 114 (base 7) in base 4?
330
3 (base 14) to base 11
3
What is -14 (base 6) in base 7?
-13
What is 5 (base 8) in base 9?
5
Convert -8a (base 16) to base 7.
-255
Convert -22010 (base 3) to base 14.
-119
What is 